ors of 63747.
3, 787
List the prime factors of 1343.
17, 79
What are the prime factors of 4102?
2, 7, 293
What are the prime factors of 25579?
25579
What are the prime factors of 344?
2, 43
List the prime factors of 2935.
5, 587
What are the prime factors of 841?
29
List the prime factors of 7897.
53, 149
What are the prime factors of 896?
2, 7
What are the prime factors of 16?
2
What are the prime factors of 5377?
19, 283
What are the prime factors of 34709?
61, 569
List the prime factors of 23338.
2, 7, 1667
List the prime factors of 20182.
2, 10091
List the prime factors of 1979.
1979
What are the prime factors of 12539?
12539
What are the prime factors of 45444?
2, 3, 7, 541
What are the prime factors of 19016?
2, 2377
What are the prime factors of 4205?
5, 29
What are the prime factors of 15414?
2, 3, 7, 367
What are the prime factors of 3555?
3, 5, 79
What are the prime factors of 1321?
1321
What are the prime factors of 13637?
13, 1049
List the prime factors of 1346.
2, 673
What are the prime factors of 32771?
32771
List the prime factors of 77581.
7, 11083
List the prime factors of 601.
601
What are the prime factors of 26550?
2, 3, 5, 59
List the prime factors of 36772.
2, 29, 317
What are the prime factors of 31621?
103, 307
What are the prime factors of 5973?
3, 11, 181
What are the prime factors of 7487?
7487
What are the prime factors of 18901?
41, 461
What are the prime factors of 1397?
11, 127
List the prime factors of 122898.
2, 3, 20483
List the prime factors of 8459.
11, 769
What are the prime factors of 14392?
2, 7, 257
What are the prime factors of 6804?
2, 3, 7
List the prime factors of 261.
3, 29
What are the prime factors of 9948?
2, 3, 829
List the prime factors of 144624.
2, 3, 23, 131
What are the prime factors of 599?
599
What are the prime factors of 27944?
2, 7, 499
What are the prime factors of 173261?
11, 19, 829
List the prime factors of 23235.
3, 5, 1549
What are the prime factors of 2102?
2, 1051
List the prime factors of 16159.
11, 13, 113
List the prime factors of 472.
2, 59
List the prime factors of 23360.
2, 5, 73
List the prime factors of 886.
2, 443
List the prime factors of 1392.
2, 3, 29
List the prime factors of 8860.
2, 5, 443
List the prime factors of 123961.
113, 1097
List the prime factors of 8256.
2, 3, 43
List the prime factors of 2519.
11, 229
What are the prime factors of 1189?
29, 41
List the prime factors of 1257.
3, 419
What are the prime factors of 22190?
2, 5, 7, 317
What are the prime factors of 13157?
59, 223
List the prime factors of 10686.
2, 3, 13, 137
List the prime factors of 1196.
2, 13, 23
What are the prime factors of 1028?
2, 257
What are the prime factors of 27852?
2, 3, 11, 211
What are the prime factors of 14031?
3, 1559
List the prime factors of 95240.
2, 5, 2381
List the prime factors of 8351.
7, 1193
What are the prime factors of 23235?
3, 5, 1549
List the prime factors of 73315.
5, 11, 31, 43
What are the prime factors of 375?
3, 5
List the prime factors of 1764.
2, 3, 7
What are the prime factors of 13173?
3, 4391
List the prime factors of 525.
3, 5, 7
What are the prime factors of 19966?
2, 67, 149
What are the prime factors of 3139?
43, 73
List the prime factors of 59073.
3, 7, 29, 97
List the prime factors of 182.
2, 7, 13
What are the prime factors of 14950?
2, 5, 13, 23
What are the prime factors of 13263?
3, 4421
What are the prime factors of 3761?
3761
What are the prime factors of 876?
2, 3, 73
What are the prime factors of 1828?
2, 457
What are the prime factors of 4098?
2, 3, 683
What are the prime factors of 9943?
61, 163
List the prime factors of 59272.
2, 31, 239
What are the prime factors of 5424?
2, 3, 113
What are the prime factors of 134582?
2, 7, 9613
What are the prime factors of 7478?
2, 3739
What are the prime factors of 498?
2, 3, 83
List the prime factors of 14673.
3, 67, 73
What are the prime factors of 871?
13, 67
List the prime factors of 25815.
3, 5, 1721
What are the prime factors of 6809?
11, 619
List the prime factors of 18626.
2, 67, 139
List the prime factors of 30787.
17, 1811
List the prime factors of 835.
5, 167
List the prime factors of 38096.
2, 2381
What are the prime factors of 42538?
2, 21269
What are the prime factors of 1498?
2, 7, 107
What are the prime factors of 3788?
2, 947
What are the prime factors of 108067?
53, 2039
List the prime factors of 5868.
2, 3, 163
What are the prime factors of 30019?
11, 2729
What are the prime factors of 1550?
2, 5, 31
What are the prime factors of 1023?
3, 11, 31
What are the prime factors of 2118?
2, 3, 353
What are the prime factors of 999?
3, 37
List the prime factors of 907.
907
List the prime factors of 4817.
4817
List the prime factors of 23695.
5, 7, 677
What are the prime factors of 23349?
3, 43, 181
What are the prime factors of 12629?
73, 173
List the prime factors of 9777.
3, 3259
What are the prime factors of 292?
2, 73
List the prime factors of 11088.
2, 3, 7, 11
What are the prime factors of 38598?
2, 3, 7, 919
List the prime factors of 53110.
2, 5, 47, 113
What are the prime factors of 10906?
2, 7, 19, 41
List the prime factors of 1898.
2, 13, 73
List the prime factors of 79439.
19, 37, 113
What are the prime factors of 129447?
3, 19, 757
List the prime factors of 4362.
2, 3, 727
List the prime factors of 909.
3, 101
What are the prime factors of 65426?
2, 32713
List the prime factors of 19109.
97, 197
List the prime factors of 12739.
12739
List the prime factors of 6208.
2, 97
What are the prime factors of 4181?
37, 113
List the prime factors of 208.
2, 13
List the prime factors of 8613.
3, 11, 29
List the prime factors of 4663.
4663
List the prime factors of 65576.
2, 7, 1171
List the prime factors of 504.
2, 3, 7
List the prime factors of 14.
2, 7
What are the prime factors of 64461?
3, 21487
List the prime factors of 2126.
2, 1063
List the prime factors of 13468.
2, 7, 13, 37
What are the prime factors of 14354?
2, 7177
List the prime factors of 1689.
3, 563
What are the prime factors of 82984?
2, 11, 23, 41
List the prime factors of 819.
3, 7, 13
List the prime factors of 2882.
2, 11, 131
What are the prime factors of 147?
3, 7
List the prime factors of 3682.
2, 7, 263
List the prime factors of 4302.
2, 3, 239
What are the prime factors of 90150?
2, 3, 5, 601
What are the prime factors of 2111?
2111
List the prime factors of 8272.
2, 11, 47
What are the prime factors of 1221?
3, 11, 37
What are the prime factors of 747?
3, 83
List the prime factors of 530.
2, 5, 53
List the prime factors of 29212.
2, 67, 109
List the prime factors of 1212.
2, 3, 101
List the prime factors of 3920.
2, 5, 7
What are the prime factors of 156529?
157, 997
What are the prime factors of 31016?
2, 3877
List the prime factors of 81060.
2, 3, 5, 7, 193
List the prime factors of 2150.
2, 5, 43
What are the prime factors of 9704?
2, 1213
What are the prime factors of 3258?
2, 3, 181
What are the prime factors of 47039?
17, 2767
What are the prime factors of 87?
3, 29
List the prime factors of 2573.
31, 83
List the prime factors of 3990.
2, 3, 5, 7, 19
List the prime factors of 1505.
5, 7, 43
What are the prime factors of 898?
2, 449
List the prime factors of 1014.
2, 3, 13
List the prime factors of 9688.
2, 7, 173
List the prime factors of 67606.
2, 7, 11, 439
List the prime factors of 1981.
7, 283
What are the prime factors of 3033?
3, 337
What are the prime factors of 19868?
2, 4967
What are the prime factors of 64003?
29, 2207
List the prime factors of 65522.
2, 181
What are the prime factors of 59662?
2, 23, 1297
List the prime factors of 1836.
2, 3, 17
List the prime factors of 642.
2, 3, 107
List the prime factors of 25112.
2, 43, 73
What are the prime factors of 3585?
3, 5, 239
List the prime factors of 3538.
2, 29, 61
What are the prime factors of 1883?
7, 269
What are the prime factors of 3294?
2, 3, 61
What are the prime factors of 11027?
11027
List the prime factors of 12425.
5, 7, 71
List the prime factors of 4528.
2, 283
List the prime factors of 1932.
2, 3, 7, 23
List the prime factors of 16728.
2, 3, 17, 41
What are the prime factors of 3522?
2, 3, 587
List the prime factors of 85558.
2, 11, 3889
What are the prime factors of 4652?
2, 1163
What are the prime factors of 862?
2, 431